{"id":3520,"date":"2019-03-05T12:56:20","date_gmt":"2019-03-05T11:56:20","guid":{"rendered":"http:\/\/wp2019.arahf.be\/?page_id=3520"},"modified":"2025-01-15T10:54:17","modified_gmt":"2025-01-15T09:54:17","slug":"restauration","status":"publish","type":"page","link":"https:\/\/www.arahf.be\/?page_id=3520","title":{"rendered":"RESTAURATION"},"content":{"rendered":"<p>[vc_row][vc_column][vc_column_text]&nbsp;<\/p>\n<p>Le restaurant est situ\u00e9 dans les locaux de l\u2019ARAHF. Nous proposons des potages, des sandwiches (\u00e0 Malmedy uniquement) et des repas chauds.<\/p>\n<p>Les repas sont vari\u00e9s et \u00e9quilibr\u00e9s et sont pr\u00e9par\u00e9s et servis par notre Chef cuistot et son \u00e9quipe.<\/p>\n<p><strong>Horaire<br \/>\n<\/strong>Le restaurant est ouvert de 11 h 55 \u00e0 13 h 30 pour la consommation des repas chauds, soupes, frites ou sandwiches le lundi, mardi, jeudi et vendredi.<\/p>\n<p><strong>Produits disponibles<br \/>\n<\/strong>Les en-cas et boissons sont en vente lors de la r\u00e9cr\u00e9ation du matin, de 10h et sur le temps de midi pour un 1 ou 1.5\u20ac euro.<\/p>\n<p><strong>Sandwiches, potage, frites&#8230;<br \/>\n<\/strong>Potage \u00e0 50 cents.<\/p>\n<p>Sandwiches au jambon, fromage, \u00e0 3\u20ac (attention uniquement \u00e0 Malmedy).<\/p>\n<p>Le potage change chaque jour (voir le\u00a0<a href=\"http:\/\/wp2019.arahf.be\/?page_id=4231\">menu<\/a> hebdomadaire).<\/p>\n<p>Frites tous les jeudi \u00e0 2\u20ac.<\/p>\n<p><strong>Repas chauds<br \/>\n<\/strong>Le repas chaud comprend un potage, un plat principal et un dessert ainsi que de l&#8217;eau.<br \/>\nLe prix est de 3,5\u20ac pour les \u00e9l\u00e8ves du secondaire et de 3, 4, 5 et 6\u00e8me primaire et de 3\u20ac pour les maternelles, 1\u00e8re et 2\u00e8me primaire.<br \/>\nLes menus varient selon le jour.<\/p>\n<p><strong>Formules de paiement<br \/>\n<\/strong>Sandwiches et repas se paient avec des bornes automatiques de paiement. Vous pouvez consultez le solde de votre compte sur ecoleenligne.[\/vc_column_text][\/vc_column][\/vc_row][vc_row][vc_column][vc_images_carousel images=&#8221;8803,8804,8805&#8243; img_size=&#8221;full&#8221; title=&#8221;Restaurant de Malmedy&#8221;][\/vc_column][\/vc_row][vc_row][vc_column][\/vc_column][\/vc_row]<\/p>\n","protected":false},"excerpt":{"rendered":"<p>[vc_row][vc_column][vc_column_text]&nbsp; Le restaurant est situ\u00e9 dans les locaux de l\u2019ARAHF. Nous proposons des potages, des sandwiches (\u00e0 Malmedy uniquement) et des repas chauds. Les repas sont vari\u00e9s et \u00e9quilibr\u00e9s et sont pr\u00e9par\u00e9s et servis par notre Chef cuistot et son \u00e9quipe. Horaire Le restaurant est ouvert de 11 h 55 \u00e0 13 h 30 pour [&hellip;]<\/p>\n","protected":false},"author":1,"featured_media":0,"parent":0,"menu_order":0,"comment_status":"closed","ping_status":"closed","template":"","meta":{"content-type":"","om_disable_all_campaigns":false,"footnotes":""},"class_list":["post-3520","page","type-page","status-publish","hentry"],"yoast_head":"<!-- This site is optimized with the Yoast SEO plugin v27.4 - https:\/\/yoast.com\/product\/yoast-seo-wordpress\/ -->\n<title>RESTAURATION - Bienvenue \u00e0 l&#039;ARAHF<\/title>\n<meta name=\"robots\" content=\"index, follow, max-snippet:-1, max-image-preview:large, max-video-preview:-1\" \/>\n<link rel=\"canonical\" href=\"https:\/\/www.arahf.be\/?page_id=3520\" \/>\n<meta property=\"og:locale\" content=\"fr_FR\" \/>\n<meta property=\"og:type\" content=\"article\" \/>\n<meta property=\"og:title\" content=\"RESTAURATION - Bienvenue \u00e0 l&#039;ARAHF\" \/>\n<meta property=\"og:description\" content=\"[vc_row][vc_column][vc_column_text]&nbsp; Le restaurant est situ\u00e9 dans les locaux de l\u2019ARAHF. Nous proposons des potages, des sandwiches (\u00e0 Malmedy uniquement) et des repas chauds. Les repas sont vari\u00e9s et \u00e9quilibr\u00e9s et sont pr\u00e9par\u00e9s et servis par notre Chef cuistot et son \u00e9quipe. Horaire Le restaurant est ouvert de 11 h 55 \u00e0 13 h 30 pour [&hellip;]\" \/>\n<meta property=\"og:url\" content=\"https:\/\/www.arahf.be\/?page_id=3520\" \/>\n<meta property=\"og:site_name\" content=\"Bienvenue \u00e0 l&#039;ARAHF\" \/>\n<meta property=\"article:modified_time\" content=\"2025-01-15T09:54:17+00:00\" \/>\n<meta name=\"twitter:card\" content=\"summary_large_image\" \/>\n<meta name=\"twitter:label1\" content=\"Dur\u00e9e de lecture estim\u00e9e\" \/>\n\t<meta name=\"twitter:data1\" content=\"1 minute\" \/>\n<script type=\"application\/ld+json\" class=\"yoast-schema-graph\">{\"@context\":\"https:\\\/\\\/schema.org\",\"@graph\":[{\"@type\":\"WebPage\",\"@id\":\"https:\\\/\\\/www.arahf.be\\\/?page_id=3520\",\"url\":\"https:\\\/\\\/www.arahf.be\\\/?page_id=3520\",\"name\":\"RESTAURATION - Bienvenue \u00e0 l&#039;ARAHF\",\"isPartOf\":{\"@id\":\"https:\\\/\\\/www.arahf.be\\\/#website\"},\"datePublished\":\"2019-03-05T11:56:20+00:00\",\"dateModified\":\"2025-01-15T09:54:17+00:00\",\"breadcrumb\":{\"@id\":\"https:\\\/\\\/www.arahf.be\\\/?page_id=3520#breadcrumb\"},\"inLanguage\":\"fr-FR\",\"potentialAction\":[{\"@type\":\"ReadAction\",\"target\":[\"https:\\\/\\\/www.arahf.be\\\/?page_id=3520\"]}]},{\"@type\":\"BreadcrumbList\",\"@id\":\"https:\\\/\\\/www.arahf.be\\\/?page_id=3520#breadcrumb\",\"itemListElement\":[{\"@type\":\"ListItem\",\"position\":1,\"name\":\"Accueil\",\"item\":\"https:\\\/\\\/www.arahf.be\\\/\"},{\"@type\":\"ListItem\",\"position\":2,\"name\":\"RESTAURATION\"}]},{\"@type\":\"WebSite\",\"@id\":\"https:\\\/\\\/www.arahf.be\\\/#website\",\"url\":\"https:\\\/\\\/www.arahf.be\\\/\",\"name\":\"Bienvenue \u00e0 l&#039;ARAHF\",\"description\":\"\",\"potentialAction\":[{\"@type\":\"SearchAction\",\"target\":{\"@type\":\"EntryPoint\",\"urlTemplate\":\"https:\\\/\\\/www.arahf.be\\\/?s={search_term_string}\"},\"query-input\":{\"@type\":\"PropertyValueSpecification\",\"valueRequired\":true,\"valueName\":\"search_term_string\"}}],\"inLanguage\":\"fr-FR\"}]}<\/script>\n<!-- \/ Yoast SEO plugin. -->","yoast_head_json":{"title":"RESTAURATION - Bienvenue \u00e0 l&#039;ARAHF","robots":{"index":"index","follow":"follow","max-snippet":"max-snippet:-1","max-image-preview":"max-image-preview:large","max-video-preview":"max-video-preview:-1"},"canonical":"https:\/\/www.arahf.be\/?page_id=3520","og_locale":"fr_FR","og_type":"article","og_title":"RESTAURATION - Bienvenue \u00e0 l&#039;ARAHF","og_description":"[vc_row][vc_column][vc_column_text]&nbsp; Le restaurant est situ\u00e9 dans les locaux de l\u2019ARAHF. Nous proposons des potages, des sandwiches (\u00e0 Malmedy uniquement) et des repas chauds. Les repas sont vari\u00e9s et \u00e9quilibr\u00e9s et sont pr\u00e9par\u00e9s et servis par notre Chef cuistot et son \u00e9quipe. Horaire Le restaurant est ouvert de 11 h 55 \u00e0 13 h 30 pour [&hellip;]","og_url":"https:\/\/www.arahf.be\/?page_id=3520","og_site_name":"Bienvenue \u00e0 l&#039;ARAHF","article_modified_time":"2025-01-15T09:54:17+00:00","twitter_card":"summary_large_image","twitter_misc":{"Dur\u00e9e de lecture estim\u00e9e":"1 minute"},"schema":{"@context":"https:\/\/schema.org","@graph":[{"@type":"WebPage","@id":"https:\/\/www.arahf.be\/?page_id=3520","url":"https:\/\/www.arahf.be\/?page_id=3520","name":"RESTAURATION - Bienvenue \u00e0 l&#039;ARAHF","isPartOf":{"@id":"https:\/\/www.arahf.be\/#website"},"datePublished":"2019-03-05T11:56:20+00:00","dateModified":"2025-01-15T09:54:17+00:00","breadcrumb":{"@id":"https:\/\/www.arahf.be\/?page_id=3520#breadcrumb"},"inLanguage":"fr-FR","potentialAction":[{"@type":"ReadAction","target":["https:\/\/www.arahf.be\/?page_id=3520"]}]},{"@type":"BreadcrumbList","@id":"https:\/\/www.arahf.be\/?page_id=3520#breadcrumb","itemListElement":[{"@type":"ListItem","position":1,"name":"Accueil","item":"https:\/\/www.arahf.be\/"},{"@type":"ListItem","position":2,"name":"RESTAURATION"}]},{"@type":"WebSite","@id":"https:\/\/www.arahf.be\/#website","url":"https:\/\/www.arahf.be\/","name":"Bienvenue \u00e0 l&#039;ARAHF","description":"","potentialAction":[{"@type":"SearchAction","target":{"@type":"EntryPoint","urlTemplate":"https:\/\/www.arahf.be\/?s={search_term_string}"},"query-input":{"@type":"PropertyValueSpecification","valueRequired":true,"valueName":"search_term_string"}}],"inLanguage":"fr-FR"}]}},"_links":{"self":[{"href":"https:\/\/www.arahf.be\/index.php?rest_route=\/wp\/v2\/pages\/3520","targetHints":{"allow":["GET"]}}],"collection":[{"href":"https:\/\/www.arahf.be\/index.php?rest_route=\/wp\/v2\/pages"}],"about":[{"href":"https:\/\/www.arahf.be\/index.php?rest_route=\/wp\/v2\/types\/page"}],"author":[{"embeddable":true,"href":"https:\/\/www.arahf.be\/index.php?rest_route=\/wp\/v2\/users\/1"}],"replies":[{"embeddable":true,"href":"https:\/\/www.arahf.be\/index.php?rest_route=%2Fwp%2Fv2%2Fcomments&post=3520"}],"version-history":[{"count":31,"href":"https:\/\/www.arahf.be\/index.php?rest_route=\/wp\/v2\/pages\/3520\/revisions"}],"predecessor-version":[{"id":8806,"href":"https:\/\/www.arahf.be\/index.php?rest_route=\/wp\/v2\/pages\/3520\/revisions\/8806"}],"wp:attachment":[{"href":"https:\/\/www.arahf.be\/index.php?rest_route=%2Fwp%2Fv2%2Fmedia&parent=3520"}],"curies":[{"name":"wp","href":"https:\/\/api.w.org\/{rel}","templated":true}]}}