{"id":4036,"date":"2019-08-26T13:56:30","date_gmt":"2019-08-26T11:56:30","guid":{"rendered":"http:\/\/wp2019.arahf.be\/?page_id=4036"},"modified":"2024-09-05T15:04:34","modified_gmt":"2024-09-05T13:04:34","slug":"4036-2","status":"publish","type":"page","link":"https:\/\/www.arahf.be\/?page_id=4036","title":{"rendered":"CALENDRIER DU SECONDAIRE"},"content":{"rendered":"<p>[vc_row][vc_column][stm_title title_tag=&#8221;h2&#8243; sep_color=&#8221;green&#8221; sep_enable=&#8221;true&#8221; title=&#8221;2024-2025&#8243; sep_margin_b=&#8221;30px&#8221;][\/stm_title][vc_row_inner][vc_column_inner width=&#8221;1\/3&#8243; offset=&#8221;vc_col-lg-3 vc_col-md-3&#8243;][stm_title title_tag=&#8221;h5&#8243; sep_enable=&#8221;true&#8221; title=&#8221;Septembre&#8221; title_margin_b=&#8221;16px&#8221;][\/stm_title][stm_icon_box view_style=&#8221;style-2&#8243; icon_position=&#8221;left&#8221; icon_color=&#8221;green&#8221; title=&#8221;vendredi 27\/09: f\u00eate de la FWB cong\u00e9&#8221; icon_fontawesome=&#8221;stm-icon stm-icon-calendar&#8221; css=&#8221;.vc_custom_1725540546128{margin-bottom: 56px !important;}&#8221;][stm_title title_tag=&#8221;h5&#8243; sep_enable=&#8221;true&#8221; title=&#8221;Octobre&#8221; title_margin_b=&#8221;16px&#8221;][\/stm_title][stm_icon_box view_style=&#8221;style-2&#8243; icon_position=&#8221;left&#8221; icon_color=&#8221;green&#8221; title=&#8221;18\/10: Cross des 2 vall\u00e9es&#8221; icon_fontawesome=&#8221;stm-icon stm-icon-calendar&#8221; css=&#8221;.vc_custom_1725540573348{margin-bottom: 16px !important;}&#8221;][stm_title title_tag=&#8221;h5&#8243; sep_enable=&#8221;true&#8221; title=&#8221;Novembre&#8221; title_margin_b=&#8221;16px&#8221;][\/stm_title][stm_icon_box view_style=&#8221;style-2&#8243; icon_position=&#8221;left&#8221; icon_color=&#8221;green&#8221; title=&#8221;lundi 11\/11: c\u00e9r\u00e9monies patriotiques de l&#8217;Armistice&#8221; icon_fontawesome=&#8221;stm-icon stm-icon-calendar&#8221; css=&#8221;.vc_custom_1725540615488{margin-bottom: 56px !important;}&#8221;][stm_icon_box view_style=&#8221;style-2&#8243; icon_position=&#8221;left&#8221; icon_color=&#8221;green&#8221; title=&#8221;22\/11: bulletins p\u00e9riode 1&#8243; icon_fontawesome=&#8221;stm-icon stm-icon-calendar&#8221; css=&#8221;.vc_custom_1725540631283{margin-bottom: 56px !important;}&#8221;][stm_icon_box view_style=&#8221;style-2&#8243; icon_position=&#8221;left&#8221; icon_color=&#8221;green&#8221; title=&#8221;26\/11: r\u00e9union de parents \u00e0 Malmedy&#8221; icon_fontawesome=&#8221;stm-icon stm-icon-calendar&#8221; css=&#8221;.vc_custom_1725540704396{margin-bottom: 56px !important;}&#8221;][stm_icon_box view_style=&#8221;style-2&#8243; icon_position=&#8221;left&#8221; icon_color=&#8221;green&#8221; title=&#8221;28\/11: r\u00e9union de parents \u00e0 Stavelot&#8221; icon_fontawesome=&#8221;stm-icon stm-icon-calendar&#8221; css=&#8221;.vc_custom_1725540677566{margin-bottom: 56px !important;}&#8221;][stm_spacing sm_spacing=&#8221;56px&#8221; xs_spacing=&#8221;56px&#8221;][\/vc_column_inner][vc_column_inner width=&#8221;1\/3&#8243; offset=&#8221;vc_col-lg-3 vc_col-md-3&#8243;][stm_title title_tag=&#8221;h5&#8243; sep_enable=&#8221;true&#8221; title=&#8221;D\u00e9cembre&#8221; title_margin_b=&#8221;16px&#8221;][\/stm_title][stm_icon_box view_style=&#8221;style-2&#8243; icon_position=&#8221;left&#8221; icon_color=&#8221;green&#8221; title=&#8221;20\/12: l&#8217;ARAHF f\u00eate No\u00ebl&#8221; icon_fontawesome=&#8221;stm-icon stm-icon-calendar&#8221; css=&#8221;.vc_custom_1725540760342{margin-bottom: 56px !important;}&#8221;][stm_title title_tag=&#8221;h5&#8243; sep_enable=&#8221;true&#8221; title=&#8221;Janvier&#8221; title_margin_b=&#8221;16px&#8221;][\/stm_title][stm_icon_box view_style=&#8221;style-2&#8243; icon_position=&#8221;left&#8221; icon_color=&#8221;green&#8221; title=&#8221;27 et 28\/01: professeurs en formation&#8221; icon_fontawesome=&#8221;stm-icon stm-icon-calendar&#8221; css=&#8221;.vc_custom_1725540799272{margin-bottom: 56px !important;}&#8221;][stm_title title_tag=&#8221;h5&#8243; sep_enable=&#8221;true&#8221; title=&#8221;F\u00e9vrier&#8221; title_margin_b=&#8221;16px&#8221;][\/stm_title][stm_icon_box view_style=&#8221;style-2&#8243; icon_position=&#8221;left&#8221; icon_color=&#8221;green&#8221; title=&#8221;samedi 01\/02: Journ\u00e9e Portes Ouvertes de 10h \u00e0 16h&#8221; icon_fontawesome=&#8221;stm-icon stm-icon-calendar&#8221; css=&#8221;.vc_custom_1725540925408{margin-bottom: 16px !important;}&#8221;][stm_icon_box view_style=&#8221;style-2&#8243; icon_position=&#8221;left&#8221; icon_color=&#8221;green&#8221; title=&#8221;20\/02: bulletins p\u00e9riode 2&#8243; icon_fontawesome=&#8221;stm-icon stm-icon-calendar&#8221; css=&#8221;.vc_custom_1725540941041{margin-bottom: 56px !important;}&#8221;][stm_icon_box view_style=&#8221;style-2&#8243; icon_position=&#8221;left&#8221; icon_color=&#8221;green&#8221; title=&#8221;21\/02: professeurs en formation&#8221; icon_fontawesome=&#8221;stm-icon stm-icon-calendar&#8221; css=&#8221;.vc_custom_1725540974740{margin-bottom: 56px !important;}&#8221;][stm_spacing sm_spacing=&#8221;56px&#8221; xs_spacing=&#8221;56px&#8221;][\/vc_column_inner][vc_column_inner width=&#8221;1\/3&#8243; offset=&#8221;vc_col-lg-3 vc_col-md-3&#8243;][stm_title title_tag=&#8221;h5&#8243; sep_enable=&#8221;true&#8221; title=&#8221;Mars&#8221; title_margin_b=&#8221;16px&#8221;][\/stm_title][stm_icon_box view_style=&#8221;style-2&#8243; icon_position=&#8221;left&#8221; icon_color=&#8221;green&#8221; title=&#8221;11\/03: r\u00e9union de parents \u00e0 Stavelot&#8221; icon_fontawesome=&#8221;stm-icon stm-icon-calendar&#8221; css=&#8221;.vc_custom_1725541063287{margin-bottom: 56px !important;}&#8221;][stm_icon_box view_style=&#8221;style-2&#8243; icon_position=&#8221;left&#8221; icon_color=&#8221;green&#8221; title=&#8221;13\/03: r\u00e9union de parents \u00e0 Malmedy&#8221; icon_fontawesome=&#8221;stm-icon stm-icon-calendar&#8221; css=&#8221;.vc_custom_1725541094805{margin-bottom: 56px !important;}&#8221;][stm_title title_tag=&#8221;h5&#8243; sep_enable=&#8221;true&#8221; title=&#8221;Avril&#8221; title_margin_b=&#8221;16px&#8221;][\/stm_title][stm_icon_box view_style=&#8221;style-2&#8243; icon_position=&#8221;left&#8221; icon_color=&#8221;green&#8221; title=&#8221;15\/04: Journ\u00e9e citoyenne&#8221; icon_fontawesome=&#8221;stm-icon stm-icon-calendar&#8221; css=&#8221;.vc_custom_1725541134716{margin-bottom: 56px !important;}&#8221;][stm_spacing sm_spacing=&#8221;56px&#8221; xs_spacing=&#8221;56px&#8221;][\/vc_column_inner][vc_column_inner width=&#8221;1\/3&#8243; offset=&#8221;vc_col-lg-3 vc_col-md-3&#8243;][stm_title title_tag=&#8221;h5&#8243; sep_enable=&#8221;true&#8221; title=&#8221;Mai&#8221; title_margin_b=&#8221;16px&#8221;][\/stm_title][stm_icon_box view_style=&#8221;style-2&#8243; icon_position=&#8221;left&#8221; icon_color=&#8221;green&#8221; title=&#8221;28\/05: fin de la p\u00e9riode 3, r\u00e9visions&#8221; icon_fontawesome=&#8221;stm-icon stm-icon-calendar&#8221; css=&#8221;.vc_custom_1725541162534{margin-bottom: 56px !important;}&#8221;][stm_icon_box view_style=&#8221;style-2&#8243; icon_position=&#8221;left&#8221; icon_color=&#8221;green&#8221; title=&#8221;30\/05: Randonn\u00e9e du Bayehon&#8221; icon_fontawesome=&#8221;stm-icon stm-icon-calendar&#8221; css=&#8221;.vc_custom_1725541194797{margin-bottom: 56px !important;}&#8221;][stm_title title_tag=&#8221;h5&#8243; sep_enable=&#8221;true&#8221; title=&#8221;Juin&#8221; title_margin_b=&#8221;16px&#8221;][\/stm_title][stm_icon_box view_style=&#8221;style-2&#8243; icon_position=&#8221;left&#8221; icon_color=&#8221;green&#8221; title=&#8221;2\/06: d\u00e9but des r\u00e9visions D2 et D3&#8243; icon_fontawesome=&#8221;stm-icon stm-icon-calendar&#8221; css=&#8221;.vc_custom_1725541227448{margin-bottom: 56px !important;}&#8221;][stm_icon_box view_style=&#8221;style-2&#8243; icon_position=&#8221;left&#8221; icon_color=&#8221;green&#8221; title=&#8221;20\/06: d\u00e9but des CE1D&#8221; icon_fontawesome=&#8221;stm-icon stm-icon-calendar&#8221; css=&#8221;.vc_custom_1725541289477{margin-bottom: 56px !important;}&#8221;][stm_icon_box view_style=&#8221;style-2&#8243; icon_position=&#8221;left&#8221; icon_color=&#8221;green&#8221; title=&#8221;27\/06: Bal Promo&#8221; icon_fontawesome=&#8221;stm-icon stm-icon-calendar&#8221; css=&#8221;.vc_custom_1725541306237{margin-bottom: 56px !important;}&#8221;][stm_title title_tag=&#8221;h5&#8243; sep_enable=&#8221;true&#8221; title=&#8221;Juillet&#8221; title_margin_b=&#8221;16px&#8221;][\/stm_title][stm_icon_box view_style=&#8221;style-2&#8243; icon_position=&#8221;left&#8221; icon_color=&#8221;green&#8221; title=&#8221;ven 04\/07: d\u00e9but des vacances d&#8217;\u00e9t\u00e9&#8221; icon_fontawesome=&#8221;stm-icon stm-icon-calendar&#8221; css=&#8221;.vc_custom_1725541337147{margin-bottom: 56px !important;}&#8221;][stm_spacing sm_spacing=&#8221;56px&#8221; xs_spacing=&#8221;56px&#8221;][stm_btn btn_download_color=&#8221;grey&#8221; btn_link=&#8221;url:http%3A%2F%2Fwww.arahf.be%2Fwp-content%2Fuploads%2F2022%2F06%2FVacances-et-conges-2022-2023.jpg|title:T%C3%A9l%C3%A9chargez%20%3A%20Document%20r%C3%A9capitulatif%20des%20cong%C3%A9s%20(JPG)|target:_blank&#8221;][\/vc_column_inner][\/vc_row_inner][\/vc_column][\/vc_row][vc_row][vc_column][\/vc_column][\/vc_row]<\/p>\n","protected":false},"excerpt":{"rendered":"<p>[vc_row][vc_column][stm_title title_tag=&#8221;h2&#8243; sep_color=&#8221;green&#8221; sep_enable=&#8221;true&#8221; title=&#8221;2024-2025&#8243; sep_margin_b=&#8221;30px&#8221;][\/stm_title][vc_row_inner][vc_column_inner width=&#8221;1\/3&#8243; offset=&#8221;vc_col-lg-3 vc_col-md-3&#8243;][stm_title title_tag=&#8221;h5&#8243; sep_enable=&#8221;true&#8221; title=&#8221;Septembre&#8221; title_margin_b=&#8221;16px&#8221;][\/stm_title][stm_icon_box view_style=&#8221;style-2&#8243; icon_position=&#8221;left&#8221; icon_color=&#8221;green&#8221; title=&#8221;vendredi 27\/09: f\u00eate de la FWB cong\u00e9&#8221; icon_fontawesome=&#8221;stm-icon stm-icon-calendar&#8221; css=&#8221;.vc_custom_1725540546128{margin-bottom: 56px !important;}&#8221;][stm_title title_tag=&#8221;h5&#8243; sep_enable=&#8221;true&#8221; title=&#8221;Octobre&#8221; title_margin_b=&#8221;16px&#8221;][\/stm_title][stm_icon_box view_style=&#8221;style-2&#8243; icon_position=&#8221;left&#8221; icon_color=&#8221;green&#8221; title=&#8221;18\/10: Cross des 2 vall\u00e9es&#8221; icon_fontawesome=&#8221;stm-icon stm-icon-calendar&#8221; css=&#8221;.vc_custom_1725540573348{margin-bottom: 16px !important;}&#8221;][stm_title title_tag=&#8221;h5&#8243; sep_enable=&#8221;true&#8221; title=&#8221;Novembre&#8221; title_margin_b=&#8221;16px&#8221;][\/stm_title][stm_icon_box view_style=&#8221;style-2&#8243; icon_position=&#8221;left&#8221; icon_color=&#8221;green&#8221; title=&#8221;lundi 11\/11: c\u00e9r\u00e9monies [&hellip;]<\/p>\n","protected":false},"author":1,"featured_media":0,"parent":0,"menu_order":0,"comment_status":"closed","ping_status":"closed","template":"","meta":{"content-type":"","om_disable_all_campaigns":false,"footnotes":""},"class_list":["post-4036","page","type-page","status-publish","hentry"],"yoast_head":"<!-- This site is optimized with the Yoast SEO plugin v27.5 - https:\/\/yoast.com\/product\/yoast-seo-wordpress\/ -->\n<title>CALENDRIER DU SECONDAIRE - Bienvenue \u00e0 l&#039;ARAHF<\/title>\n<meta name=\"robots\" content=\"index, follow, max-snippet:-1, max-image-preview:large, max-video-preview:-1\" \/>\n<link rel=\"canonical\" href=\"https:\/\/www.arahf.be\/?page_id=4036\" \/>\n<meta property=\"og:locale\" content=\"fr_FR\" \/>\n<meta property=\"og:type\" content=\"article\" \/>\n<meta property=\"og:title\" content=\"CALENDRIER DU SECONDAIRE - Bienvenue \u00e0 l&#039;ARAHF\" \/>\n<meta property=\"og:description\" content=\"[vc_row][vc_column][stm_title title_tag=&#8221;h2&#8243; sep_color=&#8221;green&#8221; sep_enable=&#8221;true&#8221; title=&#8221;2024-2025&#8243; sep_margin_b=&#8221;30px&#8221;][\/stm_title][vc_row_inner][vc_column_inner width=&#8221;1\/3&#8243; offset=&#8221;vc_col-lg-3 vc_col-md-3&#8243;][stm_title title_tag=&#8221;h5&#8243; sep_enable=&#8221;true&#8221; title=&#8221;Septembre&#8221; title_margin_b=&#8221;16px&#8221;][\/stm_title][stm_icon_box view_style=&#8221;style-2&#8243; icon_position=&#8221;left&#8221; icon_color=&#8221;green&#8221; title=&#8221;vendredi 27\/09: f\u00eate de la FWB cong\u00e9&#8221; icon_fontawesome=&#8221;stm-icon stm-icon-calendar&#8221; css=&#8221;.vc_custom_1725540546128{margin-bottom: 56px !important;}&#8221;][stm_title title_tag=&#8221;h5&#8243; sep_enable=&#8221;true&#8221; title=&#8221;Octobre&#8221; title_margin_b=&#8221;16px&#8221;][\/stm_title][stm_icon_box view_style=&#8221;style-2&#8243; icon_position=&#8221;left&#8221; icon_color=&#8221;green&#8221; title=&#8221;18\/10: Cross des 2 vall\u00e9es&#8221; icon_fontawesome=&#8221;stm-icon stm-icon-calendar&#8221; css=&#8221;.vc_custom_1725540573348{margin-bottom: 16px !important;}&#8221;][stm_title title_tag=&#8221;h5&#8243; sep_enable=&#8221;true&#8221; title=&#8221;Novembre&#8221; title_margin_b=&#8221;16px&#8221;][\/stm_title][stm_icon_box view_style=&#8221;style-2&#8243; icon_position=&#8221;left&#8221; icon_color=&#8221;green&#8221; title=&#8221;lundi 11\/11: c\u00e9r\u00e9monies [&hellip;]\" \/>\n<meta property=\"og:url\" content=\"https:\/\/www.arahf.be\/?page_id=4036\" \/>\n<meta property=\"og:site_name\" content=\"Bienvenue \u00e0 l&#039;ARAHF\" \/>\n<meta property=\"article:modified_time\" content=\"2024-09-05T13:04:34+00:00\" \/>\n<meta name=\"twitter:card\" content=\"summary_large_image\" \/>\n<meta name=\"twitter:label1\" content=\"Dur\u00e9e de lecture estim\u00e9e\" \/>\n\t<meta name=\"twitter:data1\" content=\"3 minutes\" \/>\n<script type=\"application\/ld+json\" class=\"yoast-schema-graph\">{\"@context\":\"https:\\\/\\\/schema.org\",\"@graph\":[{\"@type\":\"WebPage\",\"@id\":\"https:\\\/\\\/www.arahf.be\\\/?page_id=4036\",\"url\":\"https:\\\/\\\/www.arahf.be\\\/?page_id=4036\",\"name\":\"CALENDRIER DU SECONDAIRE - Bienvenue \u00e0 l&#039;ARAHF\",\"isPartOf\":{\"@id\":\"https:\\\/\\\/www.arahf.be\\\/#website\"},\"datePublished\":\"2019-08-26T11:56:30+00:00\",\"dateModified\":\"2024-09-05T13:04:34+00:00\",\"breadcrumb\":{\"@id\":\"https:\\\/\\\/www.arahf.be\\\/?page_id=4036#breadcrumb\"},\"inLanguage\":\"fr-FR\",\"potentialAction\":[{\"@type\":\"ReadAction\",\"target\":[\"https:\\\/\\\/www.arahf.be\\\/?page_id=4036\"]}]},{\"@type\":\"BreadcrumbList\",\"@id\":\"https:\\\/\\\/www.arahf.be\\\/?page_id=4036#breadcrumb\",\"itemListElement\":[{\"@type\":\"ListItem\",\"position\":1,\"name\":\"Accueil\",\"item\":\"https:\\\/\\\/www.arahf.be\\\/\"},{\"@type\":\"ListItem\",\"position\":2,\"name\":\"CALENDRIER DU SECONDAIRE\"}]},{\"@type\":\"WebSite\",\"@id\":\"https:\\\/\\\/www.arahf.be\\\/#website\",\"url\":\"https:\\\/\\\/www.arahf.be\\\/\",\"name\":\"Bienvenue \u00e0 l&#039;ARAHF\",\"description\":\"\",\"potentialAction\":[{\"@type\":\"SearchAction\",\"target\":{\"@type\":\"EntryPoint\",\"urlTemplate\":\"https:\\\/\\\/www.arahf.be\\\/?s={search_term_string}\"},\"query-input\":{\"@type\":\"PropertyValueSpecification\",\"valueRequired\":true,\"valueName\":\"search_term_string\"}}],\"inLanguage\":\"fr-FR\"}]}<\/script>\n<!-- \/ Yoast SEO plugin. -->","yoast_head_json":{"title":"CALENDRIER DU SECONDAIRE - Bienvenue \u00e0 l&#039;ARAHF","robots":{"index":"index","follow":"follow","max-snippet":"max-snippet:-1","max-image-preview":"max-image-preview:large","max-video-preview":"max-video-preview:-1"},"canonical":"https:\/\/www.arahf.be\/?page_id=4036","og_locale":"fr_FR","og_type":"article","og_title":"CALENDRIER DU SECONDAIRE - Bienvenue \u00e0 l&#039;ARAHF","og_description":"[vc_row][vc_column][stm_title title_tag=&#8221;h2&#8243; sep_color=&#8221;green&#8221; sep_enable=&#8221;true&#8221; title=&#8221;2024-2025&#8243; sep_margin_b=&#8221;30px&#8221;][\/stm_title][vc_row_inner][vc_column_inner width=&#8221;1\/3&#8243; offset=&#8221;vc_col-lg-3 vc_col-md-3&#8243;][stm_title title_tag=&#8221;h5&#8243; sep_enable=&#8221;true&#8221; title=&#8221;Septembre&#8221; title_margin_b=&#8221;16px&#8221;][\/stm_title][stm_icon_box view_style=&#8221;style-2&#8243; icon_position=&#8221;left&#8221; icon_color=&#8221;green&#8221; title=&#8221;vendredi 27\/09: f\u00eate de la FWB cong\u00e9&#8221; icon_fontawesome=&#8221;stm-icon stm-icon-calendar&#8221; css=&#8221;.vc_custom_1725540546128{margin-bottom: 56px !important;}&#8221;][stm_title title_tag=&#8221;h5&#8243; sep_enable=&#8221;true&#8221; title=&#8221;Octobre&#8221; title_margin_b=&#8221;16px&#8221;][\/stm_title][stm_icon_box view_style=&#8221;style-2&#8243; icon_position=&#8221;left&#8221; icon_color=&#8221;green&#8221; title=&#8221;18\/10: Cross des 2 vall\u00e9es&#8221; icon_fontawesome=&#8221;stm-icon stm-icon-calendar&#8221; css=&#8221;.vc_custom_1725540573348{margin-bottom: 16px !important;}&#8221;][stm_title title_tag=&#8221;h5&#8243; sep_enable=&#8221;true&#8221; title=&#8221;Novembre&#8221; title_margin_b=&#8221;16px&#8221;][\/stm_title][stm_icon_box view_style=&#8221;style-2&#8243; icon_position=&#8221;left&#8221; icon_color=&#8221;green&#8221; title=&#8221;lundi 11\/11: c\u00e9r\u00e9monies [&hellip;]","og_url":"https:\/\/www.arahf.be\/?page_id=4036","og_site_name":"Bienvenue \u00e0 l&#039;ARAHF","article_modified_time":"2024-09-05T13:04:34+00:00","twitter_card":"summary_large_image","twitter_misc":{"Dur\u00e9e de lecture estim\u00e9e":"3 minutes"},"schema":{"@context":"https:\/\/schema.org","@graph":[{"@type":"WebPage","@id":"https:\/\/www.arahf.be\/?page_id=4036","url":"https:\/\/www.arahf.be\/?page_id=4036","name":"CALENDRIER DU SECONDAIRE - Bienvenue \u00e0 l&#039;ARAHF","isPartOf":{"@id":"https:\/\/www.arahf.be\/#website"},"datePublished":"2019-08-26T11:56:30+00:00","dateModified":"2024-09-05T13:04:34+00:00","breadcrumb":{"@id":"https:\/\/www.arahf.be\/?page_id=4036#breadcrumb"},"inLanguage":"fr-FR","potentialAction":[{"@type":"ReadAction","target":["https:\/\/www.arahf.be\/?page_id=4036"]}]},{"@type":"BreadcrumbList","@id":"https:\/\/www.arahf.be\/?page_id=4036#breadcrumb","itemListElement":[{"@type":"ListItem","position":1,"name":"Accueil","item":"https:\/\/www.arahf.be\/"},{"@type":"ListItem","position":2,"name":"CALENDRIER DU SECONDAIRE"}]},{"@type":"WebSite","@id":"https:\/\/www.arahf.be\/#website","url":"https:\/\/www.arahf.be\/","name":"Bienvenue \u00e0 l&#039;ARAHF","description":"","potentialAction":[{"@type":"SearchAction","target":{"@type":"EntryPoint","urlTemplate":"https:\/\/www.arahf.be\/?s={search_term_string}"},"query-input":{"@type":"PropertyValueSpecification","valueRequired":true,"valueName":"search_term_string"}}],"inLanguage":"fr-FR"}]}},"_links":{"self":[{"href":"https:\/\/www.arahf.be\/index.php?rest_route=\/wp\/v2\/pages\/4036","targetHints":{"allow":["GET"]}}],"collection":[{"href":"https:\/\/www.arahf.be\/index.php?rest_route=\/wp\/v2\/pages"}],"about":[{"href":"https:\/\/www.arahf.be\/index.php?rest_route=\/wp\/v2\/types\/page"}],"author":[{"embeddable":true,"href":"https:\/\/www.arahf.be\/index.php?rest_route=\/wp\/v2\/users\/1"}],"replies":[{"embeddable":true,"href":"https:\/\/www.arahf.be\/index.php?rest_route=%2Fwp%2Fv2%2Fcomments&post=4036"}],"version-history":[{"count":28,"href":"https:\/\/www.arahf.be\/index.php?rest_route=\/wp\/v2\/pages\/4036\/revisions"}],"predecessor-version":[{"id":8249,"href":"https:\/\/www.arahf.be\/index.php?rest_route=\/wp\/v2\/pages\/4036\/revisions\/8249"}],"wp:attachment":[{"href":"https:\/\/www.arahf.be\/index.php?rest_route=%2Fwp%2Fv2%2Fmedia&parent=4036"}],"curies":[{"name":"wp","href":"https:\/\/api.w.org\/{rel}","templated":true}]}}