{"id":4320,"date":"2019-08-31T14:44:10","date_gmt":"2019-08-31T12:44:10","guid":{"rendered":"http:\/\/wp2019.arahf.be\/?page_id=4320"},"modified":"2021-11-17T17:41:57","modified_gmt":"2021-11-17T16:41:57","slug":"cours-deducation-physique","status":"publish","type":"page","link":"https:\/\/www.arahf.be\/?page_id=4320","title":{"rendered":"COURS D&#8217;\u00c9DUCATION PHYSIQUE"},"content":{"rendered":"<p>[vc_row][vc_column][vc_column_text]<\/p>\n<div class=\"uk-margin-medium\">\n<h3>Le cours d&#8217;\u00e9ducation physique et \u00e0 la sant\u00e9 \u00e0 l&#8217;Arahf:<\/h3>\n<p><strong>L&#8217;ARAHF de Malmedy<\/strong> a la grande chance de disposer de magnifiques infrastructures au service du cours d&#8217;\u00e9ducation physique et \u00e0 la sant\u00e9:<\/p>\n<ul>\n<li>Un hall omnisports<\/li>\n<li>Une salle de fitness<\/li>\n<li>Une salle de gymnastique<\/li>\n<li>Une salle de tennis de table<\/li>\n<li>Des parcs et jardins s\u00e9curis\u00e9s<\/li>\n<li>De cours de natation d\u00e8s la 3\u00e8me maternelle.<\/li>\n<\/ul>\n<p>L&#8217;environnement ext\u00e9rieur est exceptionnel et permet \u00e0 nos \u00e9l\u00e8ves de vivre des activit\u00e9s aussi vari\u00e9es que la course d&#8217;orientation, la course \u00e0 pied ainsi que les parcours v\u00e9lo en toute s\u00e9curit\u00e9 sur notre site ou sur le Ravel tout proche!<\/p>\n<p><strong>L&#8217;ARAHF de Stavelot<\/strong> dispose \u00e9galement :<\/p>\n<ul>\n<li>D&#8217;une salle de gym am\u00e9nag\u00e9e avec du mat\u00e9riel psychomot de qualit\u00e9<\/li>\n<li>D&#8217;un Ravel s\u00e9curis\u00e9 pour activit\u00e9s diverses et sportives \u00e0 deux pas<\/li>\n<li>De cours ext\u00e9rieures am\u00e9nag\u00e9es (nouvel am\u00e9nagement pr\u00e9vu en cours)<\/li>\n<li>De cours de natation d\u00e9mocratiques pour tous d\u00e8s la 3\u00e8me maternelle<\/li>\n<\/ul>\n<p>Ces conditions optimales et les nombreux sports propos\u00e9s permettent \u00e0 nos \u00e9l\u00e8ves de d\u00e9velopper des comp\u00e9tences aussi essentielles que l&#8217;habilit\u00e9 motrice et sociale, l&#8217;expression, la citoyennet\u00e9 et la gestion de sa sant\u00e9 et de sa s\u00e9curit\u00e9.<\/p>\n<p>C&#8217;est donc une certitude, l&#8217;\u00e9ducation physique et \u00e0 la sant\u00e9 \u00e0 l&#8217;ARAHF contribue aussi \u00e0 former un \u00e9l\u00e8ve<\/p>\n<p>BIEN DANS SA PEAU&#8230; BIEN DANS LA VIE!<\/p>\n<\/div>\n<p>&nbsp;<\/p>\n<table style=\"border-collapse: collapse; width: 100%;\">\n<tbody>\n<tr>\n<td style=\"width: 14.2857%;\"><img loading=\"lazy\" decoding=\"async\" class=\"alignnone size-medium wp-image-4490\" src=\"http:\/\/wp2019.arahf.be\/wp-content\/uploads\/2021\/09\/177763946_193806999078840_6382098264070724836_n-225x300.jpg\" alt=\"\" width=\"225\" height=\"300\" srcset=\"https:\/\/www.arahf.be\/wp-content\/uploads\/2021\/09\/177763946_193806999078840_6382098264070724836_n-225x300.jpg 225w, https:\/\/www.arahf.be\/wp-content\/uploads\/2021\/09\/177763946_193806999078840_6382098264070724836_n.jpg 750w\" sizes=\"auto, (max-width: 225px) 100vw, 225px\" \/><\/td>\n<td style=\"width: 14.2857%;\"><img loading=\"lazy\" decoding=\"async\" class=\"alignnone size-medium wp-image-4491\" src=\"http:\/\/wp2019.arahf.be\/wp-content\/uploads\/2021\/09\/242909257_252082970154642_7846256191914470511_n-225x300.jpg\" alt=\"\" width=\"225\" height=\"300\" srcset=\"https:\/\/www.arahf.be\/wp-content\/uploads\/2021\/09\/242909257_252082970154642_7846256191914470511_n-225x300.jpg 225w, https:\/\/www.arahf.be\/wp-content\/uploads\/2021\/09\/242909257_252082970154642_7846256191914470511_n.jpg 750w\" sizes=\"auto, (max-width: 225px) 100vw, 225px\" \/><\/td>\n<td style=\"width: 14.2857%;\"><img loading=\"lazy\" decoding=\"async\" class=\"alignnone size-medium wp-image-4492\" src=\"http:\/\/wp2019.arahf.be\/wp-content\/uploads\/2021\/09\/176686851_1382882952079318_8155884482528656626_n-225x300.jpg\" alt=\"\" width=\"225\" height=\"300\" srcset=\"https:\/\/www.arahf.be\/wp-content\/uploads\/2021\/09\/176686851_1382882952079318_8155884482528656626_n-225x300.jpg 225w, https:\/\/www.arahf.be\/wp-content\/uploads\/2021\/09\/176686851_1382882952079318_8155884482528656626_n.jpg 750w\" sizes=\"auto, (max-width: 225px) 100vw, 225px\" \/><\/td>\n<td style=\"width: 14.2857%;\"><img loading=\"lazy\" decoding=\"async\" class=\"alignnone size-medium wp-image-4487\" src=\"http:\/\/wp2019.arahf.be\/wp-content\/uploads\/2021\/09\/cross-hugo-biss-208x300.png\" alt=\"\" width=\"208\" height=\"300\" srcset=\"https:\/\/www.arahf.be\/wp-content\/uploads\/2021\/09\/cross-hugo-biss-208x300.png 208w, https:\/\/www.arahf.be\/wp-content\/uploads\/2021\/09\/cross-hugo-biss.png 357w\" sizes=\"auto, (max-width: 208px) 100vw, 208px\" \/><\/td>\n<td style=\"width: 14.2857%;\"><img loading=\"lazy\" decoding=\"async\" class=\"alignnone size-medium wp-image-4494\" src=\"http:\/\/wp2019.arahf.be\/wp-content\/uploads\/2021\/09\/242984860_562977951586153_3145542250074593224_n-225x300.jpg\" alt=\"\" width=\"225\" height=\"300\" srcset=\"https:\/\/www.arahf.be\/wp-content\/uploads\/2021\/09\/242984860_562977951586153_3145542250074593224_n-225x300.jpg 225w, https:\/\/www.arahf.be\/wp-content\/uploads\/2021\/09\/242984860_562977951586153_3145542250074593224_n.jpg 750w\" sizes=\"auto, (max-width: 225px) 100vw, 225px\" \/><\/td>\n<td style=\"width: 14.2857%;\"><img loading=\"lazy\" decoding=\"async\" class=\"alignnone size-medium wp-image-4495\" src=\"http:\/\/wp2019.arahf.be\/wp-content\/uploads\/2021\/09\/242896943_543567046716611_250222637103948838_n-225x300.jpg\" alt=\"\" width=\"225\" height=\"300\" srcset=\"https:\/\/www.arahf.be\/wp-content\/uploads\/2021\/09\/242896943_543567046716611_250222637103948838_n-225x300.jpg 225w, https:\/\/www.arahf.be\/wp-content\/uploads\/2021\/09\/242896943_543567046716611_250222637103948838_n.jpg 750w\" sizes=\"auto, (max-width: 225px) 100vw, 225px\" \/><\/td>\n<td style=\"width: 14.2857%;\"><img loading=\"lazy\" decoding=\"async\" class=\"alignnone size-medium wp-image-4496\" src=\"http:\/\/wp2019.arahf.be\/wp-content\/uploads\/2021\/09\/242712141_602273670782476_8062650530008028023_n-225x300.jpg\" alt=\"\" width=\"225\" height=\"300\" srcset=\"https:\/\/www.arahf.be\/wp-content\/uploads\/2021\/09\/242712141_602273670782476_8062650530008028023_n-225x300.jpg 225w, https:\/\/www.arahf.be\/wp-content\/uploads\/2021\/09\/242712141_602273670782476_8062650530008028023_n.jpg 750w\" sizes=\"auto, (max-width: 225px) 100vw, 225px\" \/><\/td>\n<\/tr>\n<\/tbody>\n<\/table>\n<p>[\/vc_column_text][\/vc_column][\/vc_row]<\/p>\n","protected":false},"excerpt":{"rendered":"<p>[vc_row][vc_column][vc_column_text] Le cours d&#8217;\u00e9ducation physique et \u00e0 la sant\u00e9 \u00e0 l&#8217;Arahf: L&#8217;ARAHF de Malmedy a la grande chance de disposer de magnifiques infrastructures au service du cours d&#8217;\u00e9ducation physique et \u00e0 la sant\u00e9: Un hall omnisports Une salle de fitness Une salle de gymnastique Une salle de tennis de table Des parcs et jardins s\u00e9curis\u00e9s [&hellip;]<\/p>\n","protected":false},"author":1,"featured_media":0,"parent":0,"menu_order":0,"comment_status":"closed","ping_status":"closed","template":"","meta":{"content-type":"","om_disable_all_campaigns":false,"footnotes":""},"class_list":["post-4320","page","type-page","status-publish","hentry"],"yoast_head":"<!-- This site is optimized with the Yoast SEO plugin v27.4 - https:\/\/yoast.com\/product\/yoast-seo-wordpress\/ -->\n<title>COURS D&#039;\u00c9DUCATION PHYSIQUE - Bienvenue \u00e0 l&#039;ARAHF<\/title>\n<meta name=\"robots\" content=\"index, follow, max-snippet:-1, max-image-preview:large, max-video-preview:-1\" \/>\n<link rel=\"canonical\" href=\"https:\/\/www.arahf.be\/?page_id=4320\" \/>\n<meta property=\"og:locale\" content=\"fr_FR\" \/>\n<meta property=\"og:type\" content=\"article\" \/>\n<meta property=\"og:title\" content=\"COURS D&#039;\u00c9DUCATION PHYSIQUE - Bienvenue \u00e0 l&#039;ARAHF\" \/>\n<meta property=\"og:description\" content=\"[vc_row][vc_column][vc_column_text] Le cours d&#8217;\u00e9ducation physique et \u00e0 la sant\u00e9 \u00e0 l&#8217;Arahf: L&#8217;ARAHF de Malmedy a la grande chance de disposer de magnifiques infrastructures au service du cours d&#8217;\u00e9ducation physique et \u00e0 la sant\u00e9: Un hall omnisports Une salle de fitness Une salle de gymnastique Une salle de tennis de table Des parcs et jardins s\u00e9curis\u00e9s [&hellip;]\" \/>\n<meta property=\"og:url\" content=\"https:\/\/www.arahf.be\/?page_id=4320\" \/>\n<meta property=\"og:site_name\" content=\"Bienvenue \u00e0 l&#039;ARAHF\" \/>\n<meta property=\"article:modified_time\" content=\"2021-11-17T16:41:57+00:00\" \/>\n<meta property=\"og:image\" content=\"http:\/\/wp2019.arahf.be\/wp-content\/uploads\/2021\/09\/177763946_193806999078840_6382098264070724836_n-225x300.jpg\" \/>\n<meta name=\"twitter:card\" content=\"summary_large_image\" \/>\n<meta name=\"twitter:label1\" content=\"Dur\u00e9e de lecture estim\u00e9e\" \/>\n\t<meta name=\"twitter:data1\" content=\"1 minute\" \/>\n<script type=\"application\/ld+json\" class=\"yoast-schema-graph\">{\"@context\":\"https:\\\/\\\/schema.org\",\"@graph\":[{\"@type\":\"WebPage\",\"@id\":\"https:\\\/\\\/www.arahf.be\\\/?page_id=4320\",\"url\":\"https:\\\/\\\/www.arahf.be\\\/?page_id=4320\",\"name\":\"COURS D'\u00c9DUCATION PHYSIQUE - Bienvenue \u00e0 l&#039;ARAHF\",\"isPartOf\":{\"@id\":\"https:\\\/\\\/www.arahf.be\\\/#website\"},\"primaryImageOfPage\":{\"@id\":\"https:\\\/\\\/www.arahf.be\\\/?page_id=4320#primaryimage\"},\"image\":{\"@id\":\"https:\\\/\\\/www.arahf.be\\\/?page_id=4320#primaryimage\"},\"thumbnailUrl\":\"http:\\\/\\\/wp2019.arahf.be\\\/wp-content\\\/uploads\\\/2021\\\/09\\\/177763946_193806999078840_6382098264070724836_n-225x300.jpg\",\"datePublished\":\"2019-08-31T12:44:10+00:00\",\"dateModified\":\"2021-11-17T16:41:57+00:00\",\"breadcrumb\":{\"@id\":\"https:\\\/\\\/www.arahf.be\\\/?page_id=4320#breadcrumb\"},\"inLanguage\":\"fr-FR\",\"potentialAction\":[{\"@type\":\"ReadAction\",\"target\":[\"https:\\\/\\\/www.arahf.be\\\/?page_id=4320\"]}]},{\"@type\":\"ImageObject\",\"inLanguage\":\"fr-FR\",\"@id\":\"https:\\\/\\\/www.arahf.be\\\/?page_id=4320#primaryimage\",\"url\":\"http:\\\/\\\/wp2019.arahf.be\\\/wp-content\\\/uploads\\\/2021\\\/09\\\/177763946_193806999078840_6382098264070724836_n-225x300.jpg\",\"contentUrl\":\"http:\\\/\\\/wp2019.arahf.be\\\/wp-content\\\/uploads\\\/2021\\\/09\\\/177763946_193806999078840_6382098264070724836_n-225x300.jpg\"},{\"@type\":\"BreadcrumbList\",\"@id\":\"https:\\\/\\\/www.arahf.be\\\/?page_id=4320#breadcrumb\",\"itemListElement\":[{\"@type\":\"ListItem\",\"position\":1,\"name\":\"Accueil\",\"item\":\"https:\\\/\\\/www.arahf.be\\\/\"},{\"@type\":\"ListItem\",\"position\":2,\"name\":\"COURS D&#8217;\u00c9DUCATION PHYSIQUE\"}]},{\"@type\":\"WebSite\",\"@id\":\"https:\\\/\\\/www.arahf.be\\\/#website\",\"url\":\"https:\\\/\\\/www.arahf.be\\\/\",\"name\":\"Bienvenue \u00e0 l&#039;ARAHF\",\"description\":\"\",\"potentialAction\":[{\"@type\":\"SearchAction\",\"target\":{\"@type\":\"EntryPoint\",\"urlTemplate\":\"https:\\\/\\\/www.arahf.be\\\/?s={search_term_string}\"},\"query-input\":{\"@type\":\"PropertyValueSpecification\",\"valueRequired\":true,\"valueName\":\"search_term_string\"}}],\"inLanguage\":\"fr-FR\"}]}<\/script>\n<!-- \/ Yoast SEO plugin. -->","yoast_head_json":{"title":"COURS D'\u00c9DUCATION PHYSIQUE - Bienvenue \u00e0 l&#039;ARAHF","robots":{"index":"index","follow":"follow","max-snippet":"max-snippet:-1","max-image-preview":"max-image-preview:large","max-video-preview":"max-video-preview:-1"},"canonical":"https:\/\/www.arahf.be\/?page_id=4320","og_locale":"fr_FR","og_type":"article","og_title":"COURS D'\u00c9DUCATION PHYSIQUE - Bienvenue \u00e0 l&#039;ARAHF","og_description":"[vc_row][vc_column][vc_column_text] Le cours d&#8217;\u00e9ducation physique et \u00e0 la sant\u00e9 \u00e0 l&#8217;Arahf: L&#8217;ARAHF de Malmedy a la grande chance de disposer de magnifiques infrastructures au service du cours d&#8217;\u00e9ducation physique et \u00e0 la sant\u00e9: Un hall omnisports Une salle de fitness Une salle de gymnastique Une salle de tennis de table Des parcs et jardins s\u00e9curis\u00e9s [&hellip;]","og_url":"https:\/\/www.arahf.be\/?page_id=4320","og_site_name":"Bienvenue \u00e0 l&#039;ARAHF","article_modified_time":"2021-11-17T16:41:57+00:00","og_image":[{"url":"http:\/\/wp2019.arahf.be\/wp-content\/uploads\/2021\/09\/177763946_193806999078840_6382098264070724836_n-225x300.jpg","type":"","width":"","height":""}],"twitter_card":"summary_large_image","twitter_misc":{"Dur\u00e9e de lecture estim\u00e9e":"1 minute"},"schema":{"@context":"https:\/\/schema.org","@graph":[{"@type":"WebPage","@id":"https:\/\/www.arahf.be\/?page_id=4320","url":"https:\/\/www.arahf.be\/?page_id=4320","name":"COURS D'\u00c9DUCATION PHYSIQUE - Bienvenue \u00e0 l&#039;ARAHF","isPartOf":{"@id":"https:\/\/www.arahf.be\/#website"},"primaryImageOfPage":{"@id":"https:\/\/www.arahf.be\/?page_id=4320#primaryimage"},"image":{"@id":"https:\/\/www.arahf.be\/?page_id=4320#primaryimage"},"thumbnailUrl":"http:\/\/wp2019.arahf.be\/wp-content\/uploads\/2021\/09\/177763946_193806999078840_6382098264070724836_n-225x300.jpg","datePublished":"2019-08-31T12:44:10+00:00","dateModified":"2021-11-17T16:41:57+00:00","breadcrumb":{"@id":"https:\/\/www.arahf.be\/?page_id=4320#breadcrumb"},"inLanguage":"fr-FR","potentialAction":[{"@type":"ReadAction","target":["https:\/\/www.arahf.be\/?page_id=4320"]}]},{"@type":"ImageObject","inLanguage":"fr-FR","@id":"https:\/\/www.arahf.be\/?page_id=4320#primaryimage","url":"http:\/\/wp2019.arahf.be\/wp-content\/uploads\/2021\/09\/177763946_193806999078840_6382098264070724836_n-225x300.jpg","contentUrl":"http:\/\/wp2019.arahf.be\/wp-content\/uploads\/2021\/09\/177763946_193806999078840_6382098264070724836_n-225x300.jpg"},{"@type":"BreadcrumbList","@id":"https:\/\/www.arahf.be\/?page_id=4320#breadcrumb","itemListElement":[{"@type":"ListItem","position":1,"name":"Accueil","item":"https:\/\/www.arahf.be\/"},{"@type":"ListItem","position":2,"name":"COURS D&#8217;\u00c9DUCATION PHYSIQUE"}]},{"@type":"WebSite","@id":"https:\/\/www.arahf.be\/#website","url":"https:\/\/www.arahf.be\/","name":"Bienvenue \u00e0 l&#039;ARAHF","description":"","potentialAction":[{"@type":"SearchAction","target":{"@type":"EntryPoint","urlTemplate":"https:\/\/www.arahf.be\/?s={search_term_string}"},"query-input":{"@type":"PropertyValueSpecification","valueRequired":true,"valueName":"search_term_string"}}],"inLanguage":"fr-FR"}]}},"_links":{"self":[{"href":"https:\/\/www.arahf.be\/index.php?rest_route=\/wp\/v2\/pages\/4320","targetHints":{"allow":["GET"]}}],"collection":[{"href":"https:\/\/www.arahf.be\/index.php?rest_route=\/wp\/v2\/pages"}],"about":[{"href":"https:\/\/www.arahf.be\/index.php?rest_route=\/wp\/v2\/types\/page"}],"author":[{"embeddable":true,"href":"https:\/\/www.arahf.be\/index.php?rest_route=\/wp\/v2\/users\/1"}],"replies":[{"embeddable":true,"href":"https:\/\/www.arahf.be\/index.php?rest_route=%2Fwp%2Fv2%2Fcomments&post=4320"}],"version-history":[{"count":5,"href":"https:\/\/www.arahf.be\/index.php?rest_route=\/wp\/v2\/pages\/4320\/revisions"}],"predecessor-version":[{"id":4636,"href":"https:\/\/www.arahf.be\/index.php?rest_route=\/wp\/v2\/pages\/4320\/revisions\/4636"}],"wp:attachment":[{"href":"https:\/\/www.arahf.be\/index.php?rest_route=%2Fwp%2Fv2%2Fmedia&parent=4320"}],"curies":[{"name":"wp","href":"https:\/\/api.w.org\/{rel}","templated":true}]}}