{"id":4759,"date":"2022-05-11T11:03:24","date_gmt":"2022-05-11T09:03:24","guid":{"rendered":"https:\/\/www.arahf.be\/?page_id=4759"},"modified":"2022-05-16T10:21:33","modified_gmt":"2022-05-16T08:21:33","slug":"procedure-de-recours-3","status":"publish","type":"page","link":"https:\/\/www.arahf.be\/?page_id=4759","title":{"rendered":"PROC\u00c9DURE DE RECOURS"},"content":{"rendered":"\n<p><em>Vous trouverez ci-dessous l&#8217;explication de la proc\u00e9dure de recours contre la d\u00e9cision du conseil de classe,<\/em><br \/><em>et les documents \u00e0 compl\u00e9ter en cas de recours interne et de recours externe.<\/em><\/p>\n\n\n\n\n\n<div class=\"wp-block-file\"><a id=\"wp-block-file--media-c08c5a41-2298-4a58-833f-8c96e6bfdd4a\" href=\"http:\/\/www.arahf.be\/wp-content\/uploads\/2022\/05\/Recours-procedure-juin-2022.pdf\" target=\"_blank\" rel=\"noreferrer noopener\">Recours proc\u00e9dure juin 2022<\/a><\/div>\n\n\n\n<div class=\"wp-block-file\"><a id=\"wp-block-file--media-13bc32e1-de91-4f1f-8444-a0456dcdfa27\" href=\"http:\/\/www.arahf.be\/wp-content\/uploads\/2022\/05\/Contestation-dune-decision-du-Conseil-de-classe-ou-du-Jury-de-qualification-ressource-15862.pdf\" target=\"_blank\" rel=\"noreferrer noopener\">Contestation d&#8217;une decision du Conseil de classe ou du Jury de qualification (ressource 15862)<\/a><\/div>\n\n\n\n<div class=\"wp-block-file\"><a id=\"wp-block-file--media-48a0acf8-12c0-47ac-b5ca-ea020025b7e7\" href=\"http:\/\/www.arahf.be\/wp-content\/uploads\/2022\/05\/Procedure-de-conciliation-interne-_-recours-interne-Volet-1-ressource-15863.pdf\" target=\"_blank\" rel=\"noreferrer noopener\">Procedure de conciliation interne _ recours interne (Volet 1) (ressource 15863)<\/a><\/div>\n\n\n\n<div class=\"wp-block-file\"><a id=\"wp-block-file--media-cdf51534-a578-4dab-953f-f2f762444825\" href=\"http:\/\/www.arahf.be\/wp-content\/uploads\/2022\/05\/Procedure-de-recours-externe-aupres-du-Conseil-de-recours-contre-les-decisions-du-Conseil-de-classe-Volet-2-ressource-15864.pdf\" target=\"_blank\" rel=\"noreferrer noopener\">Procedure de recours externe aupres du Conseil de recours contre les decisions du Conseil de classe &#8211; Volet 2 (ressource 15864)<\/a><\/div>\n\n\n","protected":false},"excerpt":{"rendered":"<p>Vous trouverez ci-dessous l&#8217;explication de la proc\u00e9dure de recours contre la d\u00e9cision du conseil de classe,et les documents \u00e0 compl\u00e9ter en cas de recours interne et de recours externe.<\/p>\n","protected":false},"author":1,"featured_media":0,"parent":0,"menu_order":0,"comment_status":"closed","ping_status":"closed","template":"","meta":{"content-type":"","om_disable_all_campaigns":false,"footnotes":""},"class_list":["post-4759","page","type-page","status-publish","hentry"],"yoast_head":"<!-- This site is optimized with the Yoast SEO plugin v27.4 - https:\/\/yoast.com\/product\/yoast-seo-wordpress\/ -->\n<title>PROC\u00c9DURE DE RECOURS - Bienvenue \u00e0 l&#039;ARAHF<\/title>\n<meta name=\"robots\" content=\"index, follow, max-snippet:-1, max-image-preview:large, max-video-preview:-1\" \/>\n<link rel=\"canonical\" href=\"https:\/\/www.arahf.be\/?page_id=4759\" \/>\n<meta property=\"og:locale\" content=\"fr_FR\" \/>\n<meta property=\"og:type\" content=\"article\" \/>\n<meta property=\"og:title\" content=\"PROC\u00c9DURE DE RECOURS - Bienvenue \u00e0 l&#039;ARAHF\" \/>\n<meta property=\"og:description\" content=\"Vous trouverez ci-dessous l&#8217;explication de la proc\u00e9dure de recours contre la d\u00e9cision du conseil de classe,et les documents \u00e0 compl\u00e9ter en cas de recours interne et de recours externe.\" \/>\n<meta property=\"og:url\" content=\"https:\/\/www.arahf.be\/?page_id=4759\" \/>\n<meta property=\"og:site_name\" content=\"Bienvenue \u00e0 l&#039;ARAHF\" \/>\n<meta property=\"article:modified_time\" content=\"2022-05-16T08:21:33+00:00\" \/>\n<meta name=\"twitter:card\" content=\"summary_large_image\" \/>\n<meta name=\"twitter:label1\" content=\"Dur\u00e9e de lecture estim\u00e9e\" \/>\n\t<meta name=\"twitter:data1\" content=\"1 minute\" \/>\n<script type=\"application\/ld+json\" class=\"yoast-schema-graph\">{\"@context\":\"https:\\\/\\\/schema.org\",\"@graph\":[{\"@type\":\"WebPage\",\"@id\":\"https:\\\/\\\/www.arahf.be\\\/?page_id=4759\",\"url\":\"https:\\\/\\\/www.arahf.be\\\/?page_id=4759\",\"name\":\"PROC\u00c9DURE DE RECOURS - Bienvenue \u00e0 l&#039;ARAHF\",\"isPartOf\":{\"@id\":\"https:\\\/\\\/www.arahf.be\\\/#website\"},\"datePublished\":\"2022-05-11T09:03:24+00:00\",\"dateModified\":\"2022-05-16T08:21:33+00:00\",\"breadcrumb\":{\"@id\":\"https:\\\/\\\/www.arahf.be\\\/?page_id=4759#breadcrumb\"},\"inLanguage\":\"fr-FR\",\"potentialAction\":[{\"@type\":\"ReadAction\",\"target\":[\"https:\\\/\\\/www.arahf.be\\\/?page_id=4759\"]}]},{\"@type\":\"BreadcrumbList\",\"@id\":\"https:\\\/\\\/www.arahf.be\\\/?page_id=4759#breadcrumb\",\"itemListElement\":[{\"@type\":\"ListItem\",\"position\":1,\"name\":\"Accueil\",\"item\":\"https:\\\/\\\/www.arahf.be\\\/\"},{\"@type\":\"ListItem\",\"position\":2,\"name\":\"PROC\u00c9DURE DE RECOURS\"}]},{\"@type\":\"WebSite\",\"@id\":\"https:\\\/\\\/www.arahf.be\\\/#website\",\"url\":\"https:\\\/\\\/www.arahf.be\\\/\",\"name\":\"Bienvenue \u00e0 l&#039;ARAHF\",\"description\":\"\",\"potentialAction\":[{\"@type\":\"SearchAction\",\"target\":{\"@type\":\"EntryPoint\",\"urlTemplate\":\"https:\\\/\\\/www.arahf.be\\\/?s={search_term_string}\"},\"query-input\":{\"@type\":\"PropertyValueSpecification\",\"valueRequired\":true,\"valueName\":\"search_term_string\"}}],\"inLanguage\":\"fr-FR\"}]}<\/script>\n<!-- \/ Yoast SEO plugin. -->","yoast_head_json":{"title":"PROC\u00c9DURE DE RECOURS - Bienvenue \u00e0 l&#039;ARAHF","robots":{"index":"index","follow":"follow","max-snippet":"max-snippet:-1","max-image-preview":"max-image-preview:large","max-video-preview":"max-video-preview:-1"},"canonical":"https:\/\/www.arahf.be\/?page_id=4759","og_locale":"fr_FR","og_type":"article","og_title":"PROC\u00c9DURE DE RECOURS - Bienvenue \u00e0 l&#039;ARAHF","og_description":"Vous trouverez ci-dessous l&#8217;explication de la proc\u00e9dure de recours contre la d\u00e9cision du conseil de classe,et les documents \u00e0 compl\u00e9ter en cas de recours interne et de recours externe.","og_url":"https:\/\/www.arahf.be\/?page_id=4759","og_site_name":"Bienvenue \u00e0 l&#039;ARAHF","article_modified_time":"2022-05-16T08:21:33+00:00","twitter_card":"summary_large_image","twitter_misc":{"Dur\u00e9e de lecture estim\u00e9e":"1 minute"},"schema":{"@context":"https:\/\/schema.org","@graph":[{"@type":"WebPage","@id":"https:\/\/www.arahf.be\/?page_id=4759","url":"https:\/\/www.arahf.be\/?page_id=4759","name":"PROC\u00c9DURE DE RECOURS - Bienvenue \u00e0 l&#039;ARAHF","isPartOf":{"@id":"https:\/\/www.arahf.be\/#website"},"datePublished":"2022-05-11T09:03:24+00:00","dateModified":"2022-05-16T08:21:33+00:00","breadcrumb":{"@id":"https:\/\/www.arahf.be\/?page_id=4759#breadcrumb"},"inLanguage":"fr-FR","potentialAction":[{"@type":"ReadAction","target":["https:\/\/www.arahf.be\/?page_id=4759"]}]},{"@type":"BreadcrumbList","@id":"https:\/\/www.arahf.be\/?page_id=4759#breadcrumb","itemListElement":[{"@type":"ListItem","position":1,"name":"Accueil","item":"https:\/\/www.arahf.be\/"},{"@type":"ListItem","position":2,"name":"PROC\u00c9DURE DE RECOURS"}]},{"@type":"WebSite","@id":"https:\/\/www.arahf.be\/#website","url":"https:\/\/www.arahf.be\/","name":"Bienvenue \u00e0 l&#039;ARAHF","description":"","potentialAction":[{"@type":"SearchAction","target":{"@type":"EntryPoint","urlTemplate":"https:\/\/www.arahf.be\/?s={search_term_string}"},"query-input":{"@type":"PropertyValueSpecification","valueRequired":true,"valueName":"search_term_string"}}],"inLanguage":"fr-FR"}]}},"_links":{"self":[{"href":"https:\/\/www.arahf.be\/index.php?rest_route=\/wp\/v2\/pages\/4759","targetHints":{"allow":["GET"]}}],"collection":[{"href":"https:\/\/www.arahf.be\/index.php?rest_route=\/wp\/v2\/pages"}],"about":[{"href":"https:\/\/www.arahf.be\/index.php?rest_route=\/wp\/v2\/types\/page"}],"author":[{"embeddable":true,"href":"https:\/\/www.arahf.be\/index.php?rest_route=\/wp\/v2\/users\/1"}],"replies":[{"embeddable":true,"href":"https:\/\/www.arahf.be\/index.php?rest_route=%2Fwp%2Fv2%2Fcomments&post=4759"}],"version-history":[{"count":10,"href":"https:\/\/www.arahf.be\/index.php?rest_route=\/wp\/v2\/pages\/4759\/revisions"}],"predecessor-version":[{"id":5124,"href":"https:\/\/www.arahf.be\/index.php?rest_route=\/wp\/v2\/pages\/4759\/revisions\/5124"}],"wp:attachment":[{"href":"https:\/\/www.arahf.be\/index.php?rest_route=%2Fwp%2Fv2%2Fmedia&parent=4759"}],"curies":[{"name":"wp","href":"https:\/\/api.w.org\/{rel}","templated":true}]}}