{"id":605,"date":"2016-01-20T12:04:20","date_gmt":"2016-01-20T12:04:20","guid":{"rendered":"http:\/\/smartyschool.stylemixthemes.com\/?page_id=605"},"modified":"2025-06-12T14:44:25","modified_gmt":"2025-06-12T12:44:25","slug":"typography","status":"publish","type":"page","link":"https:\/\/www.arahf.be\/?page_id=605","title":{"rendered":"VOYAGES SCOLAIRES (p\u00e9dagogiques)"},"content":{"rendered":"<p>[vc_row css=&#8221;.vc_custom_1459859749480{padding-top: 80px !important;}&#8221;][vc_column width=&#8221;1\/2&#8243;][vc_column_text css=&#8221;.vc_custom_1739297445748{margin-bottom: 33px !important;}&#8221;]<\/p>\n<h1><span style=\"font-size: 18pt;\">Voyage des 4\u00e8me \u00e0 Strasbourg<\/span><\/h1>\n<h2><\/h2>\n<p>[\/vc_column_text][stm_separator border_color=&#8221;green&#8221; sep_line_width=&#8221;60px&#8221;][vc_column_text css=&#8221;.vc_custom_1739297978657{margin-bottom: 66px !important;}&#8221;]En arrivant en Alsace, nos \u00e9l\u00e8ves ont visit\u00e9 le camp de concentration du KL Natzweiler Struthof. Nous avons poursuivi par la visite du m\u00e9morial Alsace Moselle.<\/p>\n<p>Apr\u00e8s un bon repas nous avons d\u00e9couvert la ville de Strasbourg et sa merveilleuse cath\u00e9drale.<\/p>\n<p>Le lendemain nous avons d\u00e9couvert le Parlement Europ\u00e9en et le fonctionnement du processus l\u00e9gislatif gr\u00e2ce \u00e0 un jeu. Nous avons aussi visit\u00e9 le quartier de le Petite France et le soir une balade en bateau mouche.<\/p>\n<p>Le lendemain c&#8217;\u00e9tait le Conseil de l\u2019Europe, le tout sous une m\u00e9t\u00e9o radieuse.<\/p>\n<p>Pourquoi emmenons-nous nos \u00e9l\u00e8ves en voyages?<\/p>\n<p>Les voyages permettent de s\u2019ouvrir l\u2019esprit, de d\u00e9couvrir ses camarades et professeurs dans un contexte bien plus amusant. Nos voyages sont surtout p\u00e9dagogiques et \u00e9ducatifs. Il est important pour correspondre \u00e0 nos valeurs d\u00e9mocratiques d&#8217;accomplir un devoir de m\u00e9moire, de repenser \u00e0 notre histoire, pour ne plus jamais revivre \u00e7a.<\/p>\n<p>Et puis surtout, les voyages c&#8217;est aller \u00e0 la rencontre de nos \u00e9l\u00e8ves, les d\u00e9couvrir autrement, leur sensibilit\u00e9, leurs talents cach\u00e9s, leur humour, leurs go\u00fbts vestimentaires approximatifs (<a class=\"x1i10hfl xjbqb8w x1ejq31n xd10rxx x1sy0etr x17r0tee x972fbf xcfux6l x1qhh985 xm0m39n x9f619 x1ypdohk xt0psk2 xe8uvvx xdj266r x11i5rnm xat24cr x1mh8g0r xexx8yu x4uap5 x18d9i69 xkhd6sd x16tdsg8 x1hl2dhg xggy1nq x1a2a7pz _aa9_ _a6hd\" tabindex=\"0\" role=\"link\" href=\"https:\/\/www.instagram.com\/explore\/tags\/claquetteschaussettes\/?hl=fr\">#claquetteschaussettes<\/a>), leurs app\u00e9tits voraces, leurs affinit\u00e9s, leurs id\u00e9es, leurs projets et surtout leur gentillesse.[\/vc_column_text][\/vc_column][vc_column width=&#8221;1\/2&#8243;][vc_column_text css=&#8221;.vc_custom_1739297468167{margin-bottom: 34px !important;}&#8221;]<\/p>\n<h1><span style=\"font-size: 18pt;\">Voyage des 5\u00e8me en Bavi\u00e8re<\/span><\/h1>\n<p>[\/vc_column_text][stm_separator border_color=&#8221;green&#8221; sep_line_width=&#8221;60px&#8221;][vc_column_text css=&#8221;.vc_custom_1739297199566{margin-bottom: 66px !important;}&#8221;]Un petit r\u00e9capitulatif du voyage en Bavi\u00e8re de nos 5\u00e8mes\u00a0 \ud83c\udde9\ud83c\uddea<\/p>\n<p>\ud83d\udeb2 D\u00e9couverte de Munich et du jardin anglais en V\u00e9lo<\/p>\n<p>\ud83d\udd4a\ufe0f Devoir de M\u00e9moire et Histoire : visite du camp de concentration de Dachau, un moment poignant et \u00e9ducatif pour mieux comprendre l\u2019histoire et rendre hommage aux victimes. Pour compl\u00e9ter cette journ\u00e9e riche en d\u00e9couvertes, nos \u00e9l\u00e8ves ont suivi une visite guid\u00e9e de Munich ax\u00e9e sur l\u2019histoire de la ville au Troisi\u00e8me Reich, apprenant davantage sur cette p\u00e9riode sombre tout en parcourant la ville.<\/p>\n<p>\ud83c\udfad Sapp\u00e9s comme jamais, ils se sont rendus au th\u00e9\u00e2tre pour assister \u00e0 la repr\u00e9sentation des \u00ab\u00a0Joyeuses Comm\u00e8res de Windsor\u00a0\u00bb de Shakespeare.<\/p>\n<p>\ud83c\udff0\ud83c\udf33 Sous un soleil radieux, nos \u00e9l\u00e8ves ont d\u00e9couvert la beaut\u00e9 du paysage alpin en randonnant autour des lacs \u00ab\u00a0Alpsee et Schawansee\u00a0\u00bb et ont eu la chance de visiter le c\u00e9l\u00e8bre ch\u00e2teau de Neuschwanstein.<\/p>\n<p>Enfin, pour terminer en beaut\u00e9, ils ont pu profiter d\u2019une vue panoramique sur la ville en grimpant les 306 marches de l\u2019\u00e9glise \u00ab Alter Peter \u00bb et ont partag\u00e9 un repas traditionnel dans le c\u00e9l\u00e8bre \u00ab Hofbr\u00e4uhaus \u00bb.[\/vc_column_text][\/vc_column][\/vc_row][vc_row][vc_column][vc_gallery type=&#8221;image_grid&#8221; images=&#8221;8897,8899,8900,8901,8902,8903,8904,8898,8896,8878,8877,8876,8875,8872&#8243;][\/vc_column][\/vc_row]<\/p>\n","protected":false},"excerpt":{"rendered":"<p>[vc_row css=&#8221;.vc_custom_1459859749480{padding-top: 80px !important;}&#8221;][vc_column width=&#8221;1\/2&#8243;][vc_column_text css=&#8221;.vc_custom_1739297445748{margin-bottom: 33px !important;}&#8221;] Voyage des 4\u00e8me \u00e0 Strasbourg [\/vc_column_text][stm_separator border_color=&#8221;green&#8221; sep_line_width=&#8221;60px&#8221;][vc_column_text css=&#8221;.vc_custom_1739297978657{margin-bottom: 66px !important;}&#8221;]En arrivant en Alsace, nos \u00e9l\u00e8ves ont visit\u00e9 le camp de concentration du KL Natzweiler Struthof. Nous avons poursuivi par la visite du m\u00e9morial Alsace Moselle. Apr\u00e8s un bon repas nous avons d\u00e9couvert la ville de Strasbourg [&hellip;]<\/p>\n","protected":false},"author":1,"featured_media":0,"parent":0,"menu_order":0,"comment_status":"closed","ping_status":"closed","template":"","meta":{"content-type":"","om_disable_all_campaigns":false,"footnotes":""},"class_list":["post-605","page","type-page","status-publish","hentry"],"yoast_head":"<!-- This site is optimized with the Yoast SEO plugin v27.4 - https:\/\/yoast.com\/product\/yoast-seo-wordpress\/ -->\n<title>VOYAGES SCOLAIRES (p\u00e9dagogiques) - Bienvenue \u00e0 l&#039;ARAHF<\/title>\n<meta name=\"robots\" content=\"index, follow, max-snippet:-1, max-image-preview:large, max-video-preview:-1\" \/>\n<link rel=\"canonical\" href=\"https:\/\/www.arahf.be\/?page_id=605\" \/>\n<meta property=\"og:locale\" content=\"fr_FR\" \/>\n<meta property=\"og:type\" content=\"article\" \/>\n<meta property=\"og:title\" content=\"VOYAGES SCOLAIRES (p\u00e9dagogiques) - Bienvenue \u00e0 l&#039;ARAHF\" \/>\n<meta property=\"og:description\" content=\"[vc_row css=&#8221;.vc_custom_1459859749480{padding-top: 80px !important;}&#8221;][vc_column width=&#8221;1\/2&#8243;][vc_column_text css=&#8221;.vc_custom_1739297445748{margin-bottom: 33px !important;}&#8221;] Voyage des 4\u00e8me \u00e0 Strasbourg [\/vc_column_text][stm_separator border_color=&#8221;green&#8221; sep_line_width=&#8221;60px&#8221;][vc_column_text css=&#8221;.vc_custom_1739297978657{margin-bottom: 66px !important;}&#8221;]En arrivant en Alsace, nos \u00e9l\u00e8ves ont visit\u00e9 le camp de concentration du KL Natzweiler Struthof. Nous avons poursuivi par la visite du m\u00e9morial Alsace Moselle. Apr\u00e8s un bon repas nous avons d\u00e9couvert la ville de Strasbourg [&hellip;]\" \/>\n<meta property=\"og:url\" content=\"https:\/\/www.arahf.be\/?page_id=605\" \/>\n<meta property=\"og:site_name\" content=\"Bienvenue \u00e0 l&#039;ARAHF\" \/>\n<meta property=\"article:modified_time\" content=\"2025-06-12T12:44:25+00:00\" \/>\n<meta name=\"twitter:card\" content=\"summary_large_image\" \/>\n<meta name=\"twitter:label1\" content=\"Dur\u00e9e de lecture estim\u00e9e\" \/>\n\t<meta name=\"twitter:data1\" content=\"3 minutes\" \/>\n<script type=\"application\/ld+json\" class=\"yoast-schema-graph\">{\"@context\":\"https:\\\/\\\/schema.org\",\"@graph\":[{\"@type\":\"WebPage\",\"@id\":\"https:\\\/\\\/www.arahf.be\\\/?page_id=605\",\"url\":\"https:\\\/\\\/www.arahf.be\\\/?page_id=605\",\"name\":\"VOYAGES SCOLAIRES (p\u00e9dagogiques) - Bienvenue \u00e0 l&#039;ARAHF\",\"isPartOf\":{\"@id\":\"https:\\\/\\\/www.arahf.be\\\/#website\"},\"datePublished\":\"2016-01-20T12:04:20+00:00\",\"dateModified\":\"2025-06-12T12:44:25+00:00\",\"breadcrumb\":{\"@id\":\"https:\\\/\\\/www.arahf.be\\\/?page_id=605#breadcrumb\"},\"inLanguage\":\"fr-FR\",\"potentialAction\":[{\"@type\":\"ReadAction\",\"target\":[\"https:\\\/\\\/www.arahf.be\\\/?page_id=605\"]}]},{\"@type\":\"BreadcrumbList\",\"@id\":\"https:\\\/\\\/www.arahf.be\\\/?page_id=605#breadcrumb\",\"itemListElement\":[{\"@type\":\"ListItem\",\"position\":1,\"name\":\"Accueil\",\"item\":\"https:\\\/\\\/www.arahf.be\\\/\"},{\"@type\":\"ListItem\",\"position\":2,\"name\":\"VOYAGES SCOLAIRES (p\u00e9dagogiques)\"}]},{\"@type\":\"WebSite\",\"@id\":\"https:\\\/\\\/www.arahf.be\\\/#website\",\"url\":\"https:\\\/\\\/www.arahf.be\\\/\",\"name\":\"Bienvenue \u00e0 l&#039;ARAHF\",\"description\":\"\",\"potentialAction\":[{\"@type\":\"SearchAction\",\"target\":{\"@type\":\"EntryPoint\",\"urlTemplate\":\"https:\\\/\\\/www.arahf.be\\\/?s={search_term_string}\"},\"query-input\":{\"@type\":\"PropertyValueSpecification\",\"valueRequired\":true,\"valueName\":\"search_term_string\"}}],\"inLanguage\":\"fr-FR\"}]}<\/script>\n<!-- \/ Yoast SEO plugin. -->","yoast_head_json":{"title":"VOYAGES SCOLAIRES (p\u00e9dagogiques) - Bienvenue \u00e0 l&#039;ARAHF","robots":{"index":"index","follow":"follow","max-snippet":"max-snippet:-1","max-image-preview":"max-image-preview:large","max-video-preview":"max-video-preview:-1"},"canonical":"https:\/\/www.arahf.be\/?page_id=605","og_locale":"fr_FR","og_type":"article","og_title":"VOYAGES SCOLAIRES (p\u00e9dagogiques) - Bienvenue \u00e0 l&#039;ARAHF","og_description":"[vc_row css=&#8221;.vc_custom_1459859749480{padding-top: 80px !important;}&#8221;][vc_column width=&#8221;1\/2&#8243;][vc_column_text css=&#8221;.vc_custom_1739297445748{margin-bottom: 33px !important;}&#8221;] Voyage des 4\u00e8me \u00e0 Strasbourg [\/vc_column_text][stm_separator border_color=&#8221;green&#8221; sep_line_width=&#8221;60px&#8221;][vc_column_text css=&#8221;.vc_custom_1739297978657{margin-bottom: 66px !important;}&#8221;]En arrivant en Alsace, nos \u00e9l\u00e8ves ont visit\u00e9 le camp de concentration du KL Natzweiler Struthof. Nous avons poursuivi par la visite du m\u00e9morial Alsace Moselle. Apr\u00e8s un bon repas nous avons d\u00e9couvert la ville de Strasbourg [&hellip;]","og_url":"https:\/\/www.arahf.be\/?page_id=605","og_site_name":"Bienvenue \u00e0 l&#039;ARAHF","article_modified_time":"2025-06-12T12:44:25+00:00","twitter_card":"summary_large_image","twitter_misc":{"Dur\u00e9e de lecture estim\u00e9e":"3 minutes"},"schema":{"@context":"https:\/\/schema.org","@graph":[{"@type":"WebPage","@id":"https:\/\/www.arahf.be\/?page_id=605","url":"https:\/\/www.arahf.be\/?page_id=605","name":"VOYAGES SCOLAIRES (p\u00e9dagogiques) - Bienvenue \u00e0 l&#039;ARAHF","isPartOf":{"@id":"https:\/\/www.arahf.be\/#website"},"datePublished":"2016-01-20T12:04:20+00:00","dateModified":"2025-06-12T12:44:25+00:00","breadcrumb":{"@id":"https:\/\/www.arahf.be\/?page_id=605#breadcrumb"},"inLanguage":"fr-FR","potentialAction":[{"@type":"ReadAction","target":["https:\/\/www.arahf.be\/?page_id=605"]}]},{"@type":"BreadcrumbList","@id":"https:\/\/www.arahf.be\/?page_id=605#breadcrumb","itemListElement":[{"@type":"ListItem","position":1,"name":"Accueil","item":"https:\/\/www.arahf.be\/"},{"@type":"ListItem","position":2,"name":"VOYAGES SCOLAIRES (p\u00e9dagogiques)"}]},{"@type":"WebSite","@id":"https:\/\/www.arahf.be\/#website","url":"https:\/\/www.arahf.be\/","name":"Bienvenue \u00e0 l&#039;ARAHF","description":"","potentialAction":[{"@type":"SearchAction","target":{"@type":"EntryPoint","urlTemplate":"https:\/\/www.arahf.be\/?s={search_term_string}"},"query-input":{"@type":"PropertyValueSpecification","valueRequired":true,"valueName":"search_term_string"}}],"inLanguage":"fr-FR"}]}},"_links":{"self":[{"href":"https:\/\/www.arahf.be\/index.php?rest_route=\/wp\/v2\/pages\/605","targetHints":{"allow":["GET"]}}],"collection":[{"href":"https:\/\/www.arahf.be\/index.php?rest_route=\/wp\/v2\/pages"}],"about":[{"href":"https:\/\/www.arahf.be\/index.php?rest_route=\/wp\/v2\/types\/page"}],"author":[{"embeddable":true,"href":"https:\/\/www.arahf.be\/index.php?rest_route=\/wp\/v2\/users\/1"}],"replies":[{"embeddable":true,"href":"https:\/\/www.arahf.be\/index.php?rest_route=%2Fwp%2Fv2%2Fcomments&post=605"}],"version-history":[{"count":3,"href":"https:\/\/www.arahf.be\/index.php?rest_route=\/wp\/v2\/pages\/605\/revisions"}],"predecessor-version":[{"id":9093,"href":"https:\/\/www.arahf.be\/index.php?rest_route=\/wp\/v2\/pages\/605\/revisions\/9093"}],"wp:attachment":[{"href":"https:\/\/www.arahf.be\/index.php?rest_route=%2Fwp%2Fv2%2Fmedia&parent=605"}],"curies":[{"name":"wp","href":"https:\/\/api.w.org\/{rel}","templated":true}]}}